{"id":5,"date":"2018-05-25T20:19:29","date_gmt":"2018-05-25T20:19:29","guid":{"rendered":"https:\/\/themify.me\/demo\/themes\/ultra-app\/?page_id=6"},"modified":"2023-04-20T09:26:59","modified_gmt":"2023-04-20T09:26:59","slug":"home","status":"publish","type":"page","link":"https:\/\/physiotherapie-vs.de\/","title":{"rendered":"Home"},"content":{"rendered":"<!-- wp:themify-builder\/canvas \/--><!--themify_builder_static--><h1>HERZLICH WILLKOMMEN<\/h1> <p>In der <strong>Physiotherapie Praxis Petra Schwarz<\/strong><br \/>in VS-Schwenningen.<\/p>\n<p>\u2022 Pers\u00f6nliche Betreuung<br \/>\u2022 Ruhige Atmosph\u00e4re<br \/>\u2022 Kompetente und einf\u00fchlsame Therapie<br \/>\u2022 Sehr gute Behandlungserfolge<br \/>\u2022 Garantiert kein Therapeutenwechsel<\/p>\n<img decoding=\"async\" loading=\"lazy\" width=\"1200\" height=\"800\" src=\"https:\/\/physiotherapie-vs.de\/wp-content\/uploads\/2019\/02\/interesant.jpg\" title=\"interesant\" alt=\"interesant\" srcset=\"https:\/\/physiotherapie-vs.de\/wp-content\/uploads\/2019\/02\/interesant.jpg 1200w, https:\/\/physiotherapie-vs.de\/wp-content\/uploads\/2019\/02\/interesant-300x200.jpg 300w, https:\/\/physiotherapie-vs.de\/wp-content\/uploads\/2019\/02\/interesant-768x512.jpg 768w, https:\/\/physiotherapie-vs.de\/wp-content\/uploads\/2019\/02\/interesant-1024x683.jpg 1024w, https:\/\/physiotherapie-vs.de\/wp-content\/uploads\/2019\/02\/interesant-1024x683-1500x1000.jpg 1500w\" sizes=\"(max-width: 1200px) 100vw, 1200px\" \/>\n<h1>\u00dcBER MICH<\/h1>\n<p style=\"text-align: left;\">Ich habe als Physiotherapeutin zwei Werkzeuge. Die Techniken, die ich erlernt habe und meine H\u00e4nde.<\/p> <p style=\"text-align: left;\">Damit eine Therapie gute Ergebnisse erzielt achte ich darauf, die Techniken korrekt auszuf\u00fchren und entscheide individuell wann ich welche Technik anwende.<\/p> <p style=\"text-align: left;\">Meine H\u00e4nde f\u00fchlen dabei wie die Muskeln, Gelenke, Sehnen, Faszien und Bandscheiben unter meinen H\u00e4nden reagieren. So kann ich die Therapie f\u00fcr jeden Patienten individuell gestalten. Das erfordert viel \u00dcbung und Erfahrung. Ich \u00fcbe das seit \u00fcber 20 Jahren und freue\u00a0 mich auf die kommenden Jahre.<\/p> <p style=\"text-align: left;\"><a href=\"https:\/\/physiotherapie-vs.de\/#2\"><strong>Weiterlesen..<\/strong><\/a><\/p>\n<img decoding=\"async\" loading=\"lazy\" width=\"2000\" height=\"1333\" src=\"https:\/\/physiotherapie-vs.de\/wp-content\/uploads\/2019\/02\/Bild-Wirbels\u00e4ule.jpg\" title=\"Bild Wirbels\u00e4ule\" alt=\"Bild Wirbels\u00e4ule\" srcset=\"https:\/\/physiotherapie-vs.de\/wp-content\/uploads\/2019\/02\/Bild-Wirbels\u00e4ule.jpg 2000w, https:\/\/physiotherapie-vs.de\/wp-content\/uploads\/2019\/02\/Bild-Wirbels\u00e4ule-300x200.jpg 300w, https:\/\/physiotherapie-vs.de\/wp-content\/uploads\/2019\/02\/Bild-Wirbels\u00e4ule-768x512.jpg 768w, https:\/\/physiotherapie-vs.de\/wp-content\/uploads\/2019\/02\/Bild-Wirbels\u00e4ule-1024x682.jpg 1024w\" sizes=\"(max-width: 2000px) 100vw, 2000px\" \/>\n<p style=\"text-align: left;\">Ein spannendes Thema ist es, gerade bei chronischen Beschwerden, Zusammenh\u00e4nge im K\u00f6rper zu erkennen und bestm\u00f6glich behandeln zu k\u00f6nnen. Bei jedem Schritt entsteht eine weiterlaufende Bewegung, die sich von der Ferse \u00fcber den Fu\u00df, die Zehen, die Knie, die H\u00fcften, das Becken, das Kreuzbein, die Lendenwirbels\u00e4ule, die Brustwirbel- und die Halswirbels\u00e4ule bis zum Kopf fortsetzt. So kann zum Beispiel eine Arthrose im H\u00fcftgelenk mit einhergehenden Schmerzen und Bewegungseinschr\u00e4nkungen zu Schmerzen in der Wirbels\u00e4ule f\u00fchren.<\/p> <p style=\"text-align: left;\"><strong>Nach Unf\u00e4llen und Operationen profitieren Sie von meiner kompetenten Beratung und Begleitung durch die Rehabilitations-Phase.<\/strong><\/p> <p style=\"text-align: left;\"><strong>Ich w\u00fcnsche ihnen gute Gesundheit und ein bewegliches Leben.<\/strong><\/p> <p style=\"text-align: left;\">Ihre Physiotherapeutin<\/p> <p style=\"text-align: left;\"><br \/><img decoding=\"async\" loading=\"lazy\" src=\"https:\/\/physiotherapie-vs.de\/wp-content\/uploads\/2019\/02\/unterschrift.png\" alt=\"\" width=\"200\" height=\"100\" \/><\/p>\n<img decoding=\"async\" loading=\"lazy\" width=\"2000\" height=\"1333\" src=\"https:\/\/physiotherapie-vs.de\/wp-content\/uploads\/2019\/02\/Slide.jpg\" title=\"Slide\" alt=\"Slide\" srcset=\"https:\/\/physiotherapie-vs.de\/wp-content\/uploads\/2019\/02\/Slide.jpg 2000w, https:\/\/physiotherapie-vs.de\/wp-content\/uploads\/2019\/02\/Slide-300x200.jpg 300w, https:\/\/physiotherapie-vs.de\/wp-content\/uploads\/2019\/02\/Slide-768x512.jpg 768w, https:\/\/physiotherapie-vs.de\/wp-content\/uploads\/2019\/02\/Slide-1024x682.jpg 1024w\" sizes=\"(max-width: 2000px) 100vw, 2000px\" \/>\n<h1 style=\"text-align: left;\">MEINE LEISTUNGEN<\/h1>\n<p style=\"text-align: left;\">\u2022 Manuelle Therapie auch Kieferbehandlung<br \/>\u2022 Krankengymnastik<br \/>\u2022 Manuelle Lymphdrainage<\/p> <p style=\"text-align: left;\"><strong>Schwerpunkte:<\/strong><br \/>\u2022 Orthop\u00e4die<br \/>\u2022 Chirurgie<br \/>\u2022 Lymphologie<\/p>\n<p style=\"text-align: left;\"><strong>Sie haben die M\u00f6glichkeit einen Massagetermin als Selbstzahler zu bekommen. <\/strong><br \/><strong>So ersparen sie sich lange Wartezeiten beim Arzt.<\/strong><\/p>\n<h1 style=\"text-align: left;\">\u00d6FFNUNGSZEITEN<\/h1>\n<p style=\"text-align: left;\"><strong>Mo-Fr<\/strong><br \/>08:00 Uhr &#8211; 12:30 Uhr<br \/><strong>Mo | Mi | Do<\/strong><br \/>14:30 Uhr &#8211; 18:00 Uhr<\/p> <p style=\"text-align: left;\"><strong>Jeden letzten Freitag im Monat geschlossen<\/strong><\/p>\n<h1 style=\"text-align: left;\">KONTAKT<\/h1>\n<p style=\"text-align: left;\"><strong>Praxis f\u00fcr Physiotherapie | Petra Schwarz<\/strong><br \/>Sturmb\u00fchlstr. 41<br \/>78054 VS-Schwenningen<\/p> <p style=\"text-align: left;\"><strong>Tel:.<\/strong> 07720 322 11<br \/><strong>E-Mail:<\/strong> <a href=\"mailto:info@physiotherapie-vs.de\">info@physiotherapie-vs.de<\/a><\/p>\n<p><iframe loading=\"lazy\" style=\"border: 0;\" src=\"https:\/\/www.google.com\/maps\/embed?pb=!1m18!1m12!1m3!1d2666.270431400108!2d8.530293815883029!3d48.06642276409265!2m3!1f0!2f0!3f0!3m2!1i1024!2i768!4f13.1!3m3!1m2!1s0x479097ea2553e56d%3A0xfdba1de7cf7a6a4f!2sSturmb%C3%BChlstra%C3%9Fe+41%2C+78054+Villingen-Schwenningen!5e0!3m2!1sde!2sde!4v1549196828868\" width=\"2000\" height=\"400\" frameborder=\"0\" allowfullscreen=\"allowfullscreen\"><\/iframe><\/p>\n<!--\/themify_builder_static-->","protected":false},"excerpt":{"rendered":"<p>HERZLICH WILLKOMMEN In der Physiotherapie Praxis Petra Schwarzin VS-Schwenningen. \u2022 Pers\u00f6nliche Betreuung\u2022 Ruhige Atmosph\u00e4re\u2022 Kompetente und einf\u00fchlsame Therapie\u2022 Sehr gute Behandlungserfolge\u2022 Garantiert kein Therapeutenwechsel \u00dcBER MICH Ich habe als Physiotherapeutin zwei Werkzeuge. Die Techniken, die ich erlernt habe und meine H\u00e4nde. Damit eine Therapie gute Ergebnisse erzielt achte ich darauf, die Techniken korrekt auszuf\u00fchren und [&hellip;]<\/p>\n","protected":false},"author":1,"featured_media":0,"parent":0,"menu_order":0,"comment_status":"closed","ping_status":"closed","template":"","meta":[],"builder_content":"<h1>HERZLICH WILLKOMMEN<\/h1> <p>In der <strong>Physiotherapie Praxis Petra Schwarz<\/strong><br \/>in VS-Schwenningen.<\/p>\n<p>\u2022 Pers\u00f6nliche Betreuung<br \/>\u2022 Ruhige Atmosph\u00e4re<br \/>\u2022 Kompetente und einf\u00fchlsame Therapie<br \/>\u2022 Sehr gute Behandlungserfolge<br \/>\u2022 Garantiert kein Therapeutenwechsel<\/p>\n<img decoding=\"async\" loading=\"lazy\" width=\"1200\" height=\"800\" src=\"https:\/\/physiotherapie-vs.de\/wp-content\/uploads\/2019\/02\/interesant.jpg\" title=\"interesant\" alt=\"interesant\" srcset=\"https:\/\/physiotherapie-vs.de\/wp-content\/uploads\/2019\/02\/interesant.jpg 1200w, https:\/\/physiotherapie-vs.de\/wp-content\/uploads\/2019\/02\/interesant-300x200.jpg 300w, https:\/\/physiotherapie-vs.de\/wp-content\/uploads\/2019\/02\/interesant-768x512.jpg 768w, https:\/\/physiotherapie-vs.de\/wp-content\/uploads\/2019\/02\/interesant-1024x683.jpg 1024w, https:\/\/physiotherapie-vs.de\/wp-content\/uploads\/2019\/02\/interesant-1024x683-1500x1000.jpg 1500w\" sizes=\"(max-width: 1200px) 100vw, 1200px\" \/>\n<h1>\u00dcBER MICH<\/h1>\n<p style=\"text-align: left;\">Ich habe als Physiotherapeutin zwei Werkzeuge. Die Techniken, die ich erlernt habe und meine H\u00e4nde.<\/p> <p style=\"text-align: left;\">Damit eine Therapie gute Ergebnisse erzielt achte ich darauf, die Techniken korrekt auszuf\u00fchren und entscheide individuell wann ich welche Technik anwende.<\/p> <p style=\"text-align: left;\">Meine H\u00e4nde f\u00fchlen dabei wie die Muskeln, Gelenke, Sehnen, Faszien und Bandscheiben unter meinen H\u00e4nden reagieren. So kann ich die Therapie f\u00fcr jeden Patienten individuell gestalten. Das erfordert viel \u00dcbung und Erfahrung. Ich \u00fcbe das seit \u00fcber 20 Jahren und freue\u00a0 mich auf die kommenden Jahre.<\/p> <p style=\"text-align: left;\"><a href=\"https:\/\/physiotherapie-vs.de\/#2\"><strong>Weiterlesen..<\/strong><\/a><\/p>\n<img decoding=\"async\" loading=\"lazy\" width=\"2000\" height=\"1333\" src=\"https:\/\/physiotherapie-vs.de\/wp-content\/uploads\/2019\/02\/Bild-Wirbels\u00e4ule.jpg\" title=\"Bild Wirbels\u00e4ule\" alt=\"Bild Wirbels\u00e4ule\" srcset=\"https:\/\/physiotherapie-vs.de\/wp-content\/uploads\/2019\/02\/Bild-Wirbels\u00e4ule.jpg 2000w, https:\/\/physiotherapie-vs.de\/wp-content\/uploads\/2019\/02\/Bild-Wirbels\u00e4ule-300x200.jpg 300w, https:\/\/physiotherapie-vs.de\/wp-content\/uploads\/2019\/02\/Bild-Wirbels\u00e4ule-768x512.jpg 768w, https:\/\/physiotherapie-vs.de\/wp-content\/uploads\/2019\/02\/Bild-Wirbels\u00e4ule-1024x682.jpg 1024w\" sizes=\"(max-width: 2000px) 100vw, 2000px\" \/>\n<p style=\"text-align: left;\">Ein spannendes Thema ist es, gerade bei chronischen Beschwerden, Zusammenh\u00e4nge im K\u00f6rper zu erkennen und bestm\u00f6glich behandeln zu k\u00f6nnen. Bei jedem Schritt entsteht eine weiterlaufende Bewegung, die sich von der Ferse \u00fcber den Fu\u00df, die Zehen, die Knie, die H\u00fcften, das Becken, das Kreuzbein, die Lendenwirbels\u00e4ule, die Brustwirbel- und die Halswirbels\u00e4ule bis zum Kopf fortsetzt. So kann zum Beispiel eine Arthrose im H\u00fcftgelenk mit einhergehenden Schmerzen und Bewegungseinschr\u00e4nkungen zu Schmerzen in der Wirbels\u00e4ule f\u00fchren.<\/p> <p style=\"text-align: left;\"><strong>Nach Unf\u00e4llen und Operationen profitieren Sie von meiner kompetenten Beratung und Begleitung durch die Rehabilitations-Phase.<\/strong><\/p> <p style=\"text-align: left;\"><strong>Ich w\u00fcnsche ihnen gute Gesundheit und ein bewegliches Leben.<\/strong><\/p> <p style=\"text-align: left;\">Ihre Physiotherapeutin<\/p> <p style=\"text-align: left;\"><br \/><img src=\"https:\/\/physiotherapie-vs.de\/wp-content\/uploads\/2019\/02\/unterschrift.png\" alt=\"\" width=\"200\" height=\"100\" \/><\/p>\n<img decoding=\"async\" loading=\"lazy\" width=\"2000\" height=\"1333\" src=\"https:\/\/physiotherapie-vs.de\/wp-content\/uploads\/2019\/02\/Slide.jpg\" title=\"Slide\" alt=\"Slide\" srcset=\"https:\/\/physiotherapie-vs.de\/wp-content\/uploads\/2019\/02\/Slide.jpg 2000w, https:\/\/physiotherapie-vs.de\/wp-content\/uploads\/2019\/02\/Slide-300x200.jpg 300w, https:\/\/physiotherapie-vs.de\/wp-content\/uploads\/2019\/02\/Slide-768x512.jpg 768w, https:\/\/physiotherapie-vs.de\/wp-content\/uploads\/2019\/02\/Slide-1024x682.jpg 1024w\" sizes=\"(max-width: 2000px) 100vw, 2000px\" \/>\n<h1 style=\"text-align: left;\">MEINE LEISTUNGEN<\/h1>\n<p style=\"text-align: left;\">\u2022 Manuelle Therapie auch Kieferbehandlung<br \/>\u2022 Krankengymnastik<br \/>\u2022 Manuelle Lymphdrainage<\/p> <p style=\"text-align: left;\"><strong>Schwerpunkte:<\/strong><br \/>\u2022 Orthop\u00e4die<br \/>\u2022 Chirurgie<br \/>\u2022 Lymphologie<\/p>\n<p style=\"text-align: left;\"><strong>Sie haben die M\u00f6glichkeit einen Massagetermin als Selbstzahler zu bekommen. <\/strong><br \/><strong>So ersparen sie sich lange Wartezeiten beim Arzt.<\/strong><\/p>\n<h1 style=\"text-align: left;\">\u00d6FFNUNGSZEITEN<\/h1>\n<p style=\"text-align: left;\"><strong>Mo-Fr<\/strong><br \/>08:00 Uhr - 12:30 Uhr<br \/><strong>Mo | Mi | Do<\/strong><br \/>14:30 Uhr - 18:00 Uhr<\/p> <p style=\"text-align: left;\"><strong>Jeden letzten Freitag im Monat geschlossen<\/strong><\/p>\n<h1 style=\"text-align: left;\">KONTAKT<\/h1>\n<p style=\"text-align: left;\"><strong>Praxis f\u00fcr Physiotherapie | Petra Schwarz<\/strong><br \/>Sturmb\u00fchlstr. 41<br \/>78054 VS-Schwenningen<\/p> <p style=\"text-align: left;\"><strong>Tel:.<\/strong> 07720 322 11<br \/><strong>E-Mail:<\/strong> <a href=\"mailto:info@physiotherapie-vs.de\">info@physiotherapie-vs.de<\/a><\/p>\n<p><iframe style=\"border: 0;\" src=\"https:\/\/www.google.com\/maps\/embed?pb=!1m18!1m12!1m3!1d2666.270431400108!2d8.530293815883029!3d48.06642276409265!2m3!1f0!2f0!3f0!3m2!1i1024!2i768!4f13.1!3m3!1m2!1s0x479097ea2553e56d%3A0xfdba1de7cf7a6a4f!2sSturmb%C3%BChlstra%C3%9Fe+41%2C+78054+Villingen-Schwenningen!5e0!3m2!1sde!2sde!4v1549196828868\" width=\"2000\" height=\"400\" frameborder=\"0\" allowfullscreen=\"allowfullscreen\"><\/iframe><\/p>\n","_links":{"self":[{"href":"https:\/\/physiotherapie-vs.de\/index.php?rest_route=\/wp\/v2\/pages\/5"}],"collection":[{"href":"https:\/\/physiotherapie-vs.de\/index.php?rest_route=\/wp\/v2\/pages"}],"about":[{"href":"https:\/\/physiotherapie-vs.de\/index.php?rest_route=\/wp\/v2\/types\/page"}],"author":[{"embeddable":true,"href":"https:\/\/physiotherapie-vs.de\/index.php?rest_route=\/wp\/v2\/users\/1"}],"replies":[{"embeddable":true,"href":"https:\/\/physiotherapie-vs.de\/index.php?rest_route=%2Fwp%2Fv2%2Fcomments&post=5"}],"version-history":[{"count":260,"href":"https:\/\/physiotherapie-vs.de\/index.php?rest_route=\/wp\/v2\/pages\/5\/revisions"}],"predecessor-version":[{"id":333,"href":"https:\/\/physiotherapie-vs.de\/index.php?rest_route=\/wp\/v2\/pages\/5\/revisions\/333"}],"wp:attachment":[{"href":"https:\/\/physiotherapie-vs.de\/index.php?rest_route=%2Fwp%2Fv2%2Fmedia&parent=5"}],"curies":[{"name":"wp","href":"https:\/\/api.w.org\/{rel}","templated":true}]}}